279 - -517. Suppose 0 = -6*d + z + 630. What are the prime factors of d?
571
Suppose 2*d + v = -2254, 3*v = 2*d + d + 3390. Let g = -435 - d. List the prime factors of g.
3, 7, 11
Let u(h) = 32*h**2 - 1. Suppose 5*w - 137 = 58. Let b = 41 - w. What are the prime factors of u(b)?
127
What are the prime factors of (-1240)/(-186)*3/(-8)*-23174?
5, 11587
Suppose 27836*u + 629010 = 27866*u. List the prime factors of u.
3, 29, 241
Let y = 197 + -217. What are the prime factors of -5 - 5/(-2)*(-1992)/y?
2, 61
Let h(u) = 44*u**2 + 113*u + 45*u**2 + 49*u**2 + 48*u**2 - 192*u**2. List the prime factors of h(13).
5, 7, 13
Suppose 2*a = -4*o + 16 + 4, 3*o - 5*a = 2. Suppose -20 = 2*f - o*f. Let v = f - -72. What are the prime factors of v?
2, 41
Let v = -35 + 40. Suppose 76 = 2*f - 4*p - 366, 3*p - 1040 = -v*f. What are the prime factors of f?
211
Let c be 122/(-14) + (-12)/42. Let h(r) = -r**2 - 16*r - 6. Let a be h(-15). List the prime factors of (39/c)/((-1)/a).
3, 13
Suppose 152*q + 984824 - 2475953 = 1953799. List the prime factors of q.
2, 2833
Let c(a) = -2 + 38*a + 8*a - 50*a + 31*a - 2*a**2. Let k = 7 - 2. List the prime factors of c(k).
83
Let o be 4 + 17 + -2 + -1. What are the prime factors of 3915/o*2/3?
5, 29
Let l(h) = -h**3 - 20*h**2 + 11*h - 213. Let g be l(-21). Let v(f) = -48*f**3 - 6*f - 16. List the prime factors of v(g).
2, 11, 59
Suppose -33*o + 23*o - 4050 = 0. Let a = 57 - o. List the prime factors of a.
2, 3, 7, 11
Let f(n) = -5*n - 24*n - 5 - 50*n - 11. List the prime factors of f(-4).
2, 3, 5
Suppose 0 = 5*y + 5*c + 7975, 0 = -5*y - 8*c + 5*c - 7977. Let p = 3170 + y. What are the prime factors of p?
2, 787
Let u(x) = 4*x**3 - 2*x**2 - 3*x + 6657. List the prime factors of u(0).
3, 7, 317
Let m = 44453 + -25551. What are the prime factors of m?
2, 13, 727
What are the prime factors of (2*14/4*-2)/((-40)/2360)?
2, 7, 59
Let u = 650 + -87. Let s = u + 44. List the prime factors of s.
607
Let z be 5/20*-2*-56. List the prime factors of ((-24)/z)/((-1)/70).
2, 3, 5
Let f = 378 - 1047. Let z = f + 1436. What are the prime factors of z?
13, 59
Suppose 0 = -r + a + 232, 0 = -3*r + r - 2*a + 472. Let n = 631 - r. List the prime factors of n.
397
Let g(i) = -i**2 - 14*i + 53. Let a be g(-16). What are the prime factors of 28/(128/a - 6)?
2, 3, 7
Let n(t) = 22904*t - 1943. What are the prime factors of n(3)?
23, 2903
Suppose 40*l + 3*l - 172 = 0. Suppose l*s + 25416 = 40*s. List the prime factors of s.
2, 353
Suppose 4*u + 3*k = -1928 + 117, 3*k = 2*u + 901. Let w = 762 + u. What are the prime factors of w?
2, 5, 31
Let x be 7/(-28)*3 + 19/4. List the prime factors of 92 + 0 + x + (0 - 1).
5, 19
Suppose -13*n - 24 = -5*n. List the prime factors of 8/36*n + 560/3.
2, 3, 31
Let l(c) = 88 + 4*c**2 - 38 - 45 - 2*c - c. Let h = 0 + 3. List the prime factors of l(h).
2
Let s(l) = -2*l**2 - l - 22. Let t be s(0). What are the prime factors of (-2532)/(-11) + 4/t?
2, 5, 23
Suppose 4*c + 13*q - 59463 = 8*q, -5*q = -4*c + 59473. What are the prime factors of c?
14867
Let i(v) = -16*v - 194. Let c be i(-13). Suppose -2490 = 9*z - c*z. What are the prime factors of z?
2, 3, 83
Let a(o) = -2142*o - 10840. List the prime factors of a(-35).
2, 5, 11, 53
Let s(l) = 581*l**2 + 29*l - 62. What are the prime factors of s(3)?
2, 37, 71
Suppose 887*j + 4*p = 891*j - 40644, 132147 = 13*j + 5*p. What are the prime factors of j?
2, 3, 7, 11
Let w be 11094/33 - 2/11 - -2. Suppose 4*x + w - 1866 = 0. What are the prime factors of x?
2, 191
Suppose 48*t + 4690 = -48*t + 110*t. List the prime factors of t.
5, 67
Suppose -2*b + 10489 = 5*m, 9*m - 6*m = 5*b + 6281. List the prime factors of m.
3, 233
What are the prime factors of ((-3468)/24)/(-17)*718?
17, 359
Suppose 1 + 5 = 3*y. Suppose -c + 2 = -1, 4*b + y*c = 6. Suppose b*j = 3*j, 0 = -5*a - 2*j + 10. List the prime factors of a.
2
Suppose 10*t = 4*t + 36. Suppose -t*i = -8*i + 960. Suppose 263 = -s + 4*s - 2*j, 5*s - i = -5*j. List the prime factors of s.
7, 13
List the prime factors of (-8 - (-14)/(546/325))*151773.
50591
Let s(l) = 421*l**2 - 58*l + 406. List the prime factors of s(12).
2, 97, 311
Suppose -9*n = 3*l - 4*n - 936, -15 = 5*n. Let w = -204 + l. What are the prime factors of w?
113
Suppose 3*d - 381 = 4*z + 263, -5*d + 1120 = 5*z. Let k = 52 + d. List the prime factors of k.
2, 17
Let p(r) be the first derivative of 17*r**3/3 + 12*r**2 + 3*r - 40. What are the prime factors of p(-7)?
2, 167
Suppose 2*x - 123 = 849. Suppose -x = -37*k + 35*k. What are the prime factors of k?
3
Let r = 20284 + -9970. What are the prime factors of r?
2, 3, 191
Let a be 3 + -2 + 1*(-2063)/(-1). Suppose 0 = -4*r - 4*r + a. List the prime factors of r.
2, 3, 43
Let z(l) = 8*l**2 - 187*l - 681. List the prime factors of z(-51).
2, 3, 103
Let v(z) = 4*z + 49. Let w be v(-7). Let o be (-1)/((w/402)/(-7)). Suppose s - o + 19 = 0. List the prime factors of s.
5, 23
Suppose 3*i - 39382 = -4*j, 5*j + 32700 = 2*i + 6407. List the prime factors of i.
2, 3, 11, 199
Let a(q) = 197*q - 15. Let v be a(-6). Let g = -821 - v. What are the prime factors of g?
2, 47
Let s(j) = -5*j - 45. Let f be s(-10). Suppose 14*k - 1242 = f*k. What are the prime factors of k?
2, 3, 23
Suppose 26*k - 7*k = 10583. List the prime factors of k.
557
Let o be (-2)/4*(1 + -1) + 21. Suppose 6*q = -q + o. Suppose 0*g + g = 2*x - 25, -q*x + g + 37 = 0. What are the prime factors of x?
2, 3
Let r be (-2)/4*-2 - -2. Let n(b) be the second derivative of b**5/10 - b**4/4 + b**3/6 + 9*b**2/2 + 53*b. What are the prime factors of n(r)?
3, 13
Let o(j) = -j**3 + 5*j**2 + 4*j + 8. Let h be o(5). Suppose 21*c - 58163 = -h*c. List the prime factors of c.
1187
Let q be (-4 + 28/8)*(-6 + 0). Suppose -2*r + 185 = q*g, -47 = -g + 2*r + 12. Let o = g - 1. What are the prime factors of o?
2, 3, 5
Suppose 8*c - 4 = 3*c + 4*w, 8 = 3*c - w. Suppose -c*h - 23 + 80 = d, -5*d - 2*h = -285. Let n = d + -39. List the prime factors of n.
2, 3
Let s(h) = -2*h**2 - 1878 + 1878 + 14*h - h**3. What are the prime factors of s(-7)?
3, 7
Let i(a) = -5*a**2 - a - 1. Let h be i(-1). Let l(w) = -w - 6. Let x be l(h). List the prime factors of (-13 - x)*((-64)/12 + 1).
2, 13
Let a(h) = -h**3 + 41*h**2 - 76*h - 55. Let x be a(39). Suppose 0 = 15*f - x*f + 6120. List the prime factors of f.
3, 5, 17
Suppose 3*a + 59 - 11 = 3*r, 4*r = 2*a + 54. Let g(n) = n**3 - 8*n**2 - n + 11. List the prime factors of g(r).
3, 11
Let f = -959 - -961. Suppose -4*x = -4*b - 2*x + 6828, -5*b + 8533 = -f*x. What are the prime factors of b?
5, 11, 31
Let x = 17253 - 8951. List the prime factors of x.
2, 7, 593
Let n be (-144318)/(-335)*(0 + 5). Let w = -1192 + n. List the prime factors of w.
2, 13, 37
Let t(y) = 58*y**2 + 3*y + 4. Let d(k) = 3*k**2 + 32*k + 18. Let i be d(-10). List the prime factors of t(i).
2, 5, 23
Let a(y) = y**3 - 1 - 18*y - 17 + 20*y**2 + 42*y. What are the prime factors of a(-17)?
3, 7
Let m(r) = r**3 - 49*r**2 - 89*r - 174. What are the prime factors of m(52)?
2, 5, 331
Let r(x) = x + 1. Let v be r(-7). Let g(y) be the second derivative of -11*y**3/6 - 9*y**2/2 - y - 2. What are the prime factors of g(v)?
3, 19
Let c(l) = -l**3 + 5*l**2 + 5*l + 7. Let g be c(7). Let y = 99 - g. What are the prime factors of y?
5, 31
What are the prime factors of (12/(-18))/((-1590809)/(-530277) - 3)?
16069
Let m(y) = 261*y + 73. Let p be m(24). Let j = 2011 - p. What are the prime factors of (j/(-28))/(6/4)?
103
Suppose -3048 = 91*t - 94*t. Suppose 28*s - t - 1896 = 0. What are the prime factors of s?
2, 13
Suppose -n = -19 - 54. Suppose 12*a = 18*a + 210. Let v = n + a. List the prime factors of v.
2, 19
Suppose 0 = -22*n + 26*n - 940. Let t = 473 - n. What are the prime factors of t?
2, 7, 17
Suppose 3*g - 14549 = -8*f + 4*f, 4*f = -4*g + 14552. What are the prime factors of f?
5, 727
Let d(q) = 8*q**3 - 30*q**2 - 2*q. Let p be d(4). Let j(i) = -i**3 + 24*i**2 + 19*i - 30. List the prime factors of j(p).
2, 3, 71
Let o = -11775 - -25169. What are the prime factors of o?
2, 37, 181
Let f be 177 + -5*(-16)/20. Let b = 366 - f. Let u = b + -60. What are the prime factors of u?
5
Suppose d - y + 1 = 0, -d + 4*y - 2 = 4*d. What are the prime factors of (-14)/6 + d + (-17685)/(-81)?
2, 109
List the prime fac